r) = 8*c(r) - 3*f(r). Let m = -30570 - -30573. Give x(m).
3
Let f be -62 + 63 + -4*(-6)/(-4). Let x(i) = 8*i**2 - 10*i - 7. Let w(c) = 3*c**2 - 3*c - 2. Let h(n) = -11*w(n) + 4*x(n). Calculate h(f).
4
Let q(o) be the first derivative of -o**5/120 - 3*o**4/8 + 46*o**3/3 - 35. Let z(j) be the third derivative of q(j). What is z(-8)?
-1
Let j(y) = -y - 23. Let o(g) = -11*g**2 - 70*g - 9. Let u be o(-6). Suppose u = -40*t - 705. What is j(t)?
-5
Suppose 14*k - 16*k + 170 = 0. Let a = -81 + k. Let c(h) = -3*h + 4. Determine c(a).
-8
Let s(y) = 20*y**2 - 23. Let i(o) = 57*o**2 - 2*o - 68. Let l(z) = -4*i(z) + 11*s(z). Calculate l(-2).
-29
Let f(n) = n**2 + 8*n - 10. Let g(r) = r**3 + 8*r**2. Let b be g(-8). Suppose 0 = 4*w - 4*y + 56, 2*w - 5*y = -b*w - 43. Give f(w).
-1
Suppose 1062 = 5*w + 1042. Let u(g) = 2*g**3 - 5*g - 6*g**2 + w + 2*g - 2*g - 3*g**3. Let i = 1 - 5. Calculate u(i).
-8
Let h(i) = -9*i**3 + 34*i**2 + 52*i + 2. Let n(k) = 11*k**3 - 37*k**2 - 59*k. Let q(z) = 6*h(z) + 5*n(z). Determine q(-18).
30
Let r(k) = -k**3 + 7*k**2 - 3*k + 10. Suppose s - 12 = 5*t - 59, 0 = 10*s + 70. Calculate r(t).
-78
Let t(g) = 2*g**3 - 21*g**2 - 10*g - 4. Let b = 16168 - 16157. What is t(b)?
7
Suppose 26*r = 22*r - 20. Let u = -29 + 32. Let x(z) = -5*z**2 - 26*z - z**u - z**2 + 22*z - 6. Give x(r).
-11
Let j(z) = -z + 16. Let h be j(-2). Let p(f) = -6*f**3 - 9*f + 2 + h*f**3 - 11*f**3 + 0*f**3 + 8*f**2. Let c = 7 + -16. Give p(c).
2
Let j(s) be the first derivative of -s**3/3 - 3*s**2 + 22*s - 1909. What is j(7)?
-69
Let f(a) = 6*a + 7. Let i(w) = w**3 + 4*w**2 - 39*w - 153. Let g be i(-6). Give f(g).
61
Let g(a) = -7 + 8 + 2*a - 5 + a**2. Let z = 1952 - 1956. Give g(z).
4
Let j(p) = -3*p**3 - p**2 + 2*p + 2. Let m(r) = 2*r**3 - 7*r**2 - r - 3. Let u(k) = -j(k) - m(k). Give u(-9).
-71
Let i(f) = f**2 + 4*f + 2. Let o be 1/(8 - 7) - 1*-1. Suppose -5*j = 4*m + 29, -m - j - 5 = -o*j. Calculate i(m).
14
Let h(w) = w**2 + 7*w + 4 + 3 - 1. Let d = -24035 + 24028. Give h(d).
6
Let u(m) be the first derivative of m**3/3 - m**2 - m + 3. Let g = -52 + 55. Give u(g).
2
Let k(d) = 2754*d**3 + 10 - 3*d - 5*d + 8*d**2 - 2755*d**3 + 0*d. Calculate k(7).
3
Suppose -16 = -4*w - 2*d, -w + 6*d - 3*d - 10 = 0. Let u be (-17)/((-102)/(-60)) + -1 + w. Let t(j) = -j**3 - 9*j**2 + 3. Give t(u).
3
Let p be -2 + (-45)/5*1. Let v be (825/20)/p*4. Let k(j) = -j - 7. Determine k(v).
8
Let s(n) = 11*n - 2. Let w(j) = -13*j + 3. Let r(i) = 7*s(i) + 6*w(i). Calculate r(1).
3
Let g(b) = 3*b - 60. Let n be g(20). Let a(p) be the first derivative of p**3/3 - 30*p - 2. What is a(n)?
-30
Let s(r) = -r**2 - 2*r + 3. Let v(n) = -8*n**3 - 3*n**2 - 5*n. Let x(y) = 9*y**3 + 4*y**2 + 5*y + 1. Let o(k) = 5*v(k) + 4*x(k). Let q be o(1). Give s(q).
-5
Let t be (-3 - -1)*2/(-2). Suppose 1 = t*r - 4*d - 3, 5*d = 0. Let j(g) = -3 - 7*g**r - 4*g + 9*g + g**3 + 0*g**2. Give j(6).
-9
Let u(z) be the third derivative of z**5/60 - z**4/3 - z**3 + 2*z**2 - 4*z - 9. Let q be (-1)/((7/6)/(-7)). Give u(q).
-18
Let q(f) = -f**2 - f + 21. Let x be ((-80)/(-3))/(-4) + 5 + (-64)/12. What is q(x)?
-21
Let l(t) = -90*t**3 + 70*t**2 - 20*t - 84. Let i(d) = -26*d**3 + 22*d**2 - 7*d - 28. Let f(g) = -7*i(g) + 2*l(g). Calculate f(6).
10
Let z(t) = -7*t + 7. Suppose 0 = o + 1, 5*r + 4*o + 9 = -0*o. Let j(l) = 2*l + 1. Let k(f) = r*z(f) - 3*j(f). Determine k(7).
-3
Let j(i) = i**2 - 17*i - 9. Suppose 30*c - 345 = 41*c - 34*c. Determine j(c).
-39
Let p(v) = -v**3 + 91*v**2 - 263*v - 81. Let f be p(88). Let s(w) = -w**3 + 12*w**2 + 16*w - 5. Let y(u) = u**2 + u. Let g(q) = -s(q) + 6*y(q). Calculate g(f).
-16
Suppose 0 = -5*g + 10, -1 = -3*r + g - 6*g. Let h(t) be the second derivative of t**5/20 + t**4/6 + t**3/6 + t**2 - 2473*t. Calculate h(r).
-10
Suppose 0*s - 5*s - 30 = 0. Let b(i) be the first derivative of -i**2 - 5*i + 8057. Determine b(s).
7
Let m(d) be the first derivative of 1/4*d**4 - 2*d - 77 + 1/3*d**3 - 1/2*d**2. Give m(0).
-2
Let g be (90/36)/((-10)/(-8)). Let c(i) = -12*i**2 + 13*i + 21*i**g - 3 - 5*i + 0*i**3 + i**3. Calculate c(-8).
-3
Let q = 5 - 1. Let a(k) be the second derivative of k**6/360 - k**5/30 - k**4/12 + 28*k**3/3 - k + 55. Let o(j) be the second derivative of a(j). What is o(q)?
-2
Let j(z) = 1 + 7036*z - 2*z**3 - 9 - 7011*z + 8*z**2 - 3. Let w be j(6). Let q(y) = -y**2 - 6. Calculate q(w).
-31
Let r(s) = 11*s + 45. Let t(f) = -45*f - 185. Let w(n) = 13*r(n) + 3*t(n). What is w(-7)?
-26
Let q(f) = -f - 5. Let h(a) = a**3 + 10*a**2 - 10*a. Let j(g) = -17*g + 57. Let t be j(4). Let k be h(t). Determine q(k).
6
Let f(y) = -116 + 76 + 30 - 2*y + y. Give f(7).
-17
Let n(z) = -z**3 - 4*z**2 - 19*z - 36. Let u be n(-3). Let s(p) = -6*p + 82. Give s(u).
10
Let k(l) be the first derivative of -4/3*l**3 + 1/4*l**4 + 7*l - 5*l**2 + 95. Determine k(6).
19
Let s(j) = -23 + 201*j - 399*j + 197*j + j**2 + 13. Give s(0).
-10
Suppose 3*l - 3*r = 18, 5*l - 13*r = -11*r + 42. Let c(u) = -9*u + 92. Calculate c(l).
2
Let y(g) be the second derivative of -g**6/120 - 7*g**5/60 + g**4/24 + 5*g**3/6 - 90*g**2 - 3*g - 23. Let i(c) be the first derivative of y(c). Determine i(-7).
-2
Let s(l) be the first derivative of 7*l**2/2 + 146*l + 821. Calculate s(-21).
-1
Let c(w) = -8*w - 118. Let r = 4723 + -4739. Determine c(r).
10
Let z(y) = -y + 17. Suppose -5*q - 4*m + 14 = 0, -55 = -5*q + 2*m - 17. Determine z(q).
11
Let s(x) = 2*x - 2*x**3 + 4*x**2 + 15149 - 15153 - x**3. Give s(-2).
32
Let l(y) be the third derivative of -y**5/60 - y**4/4 - 2*y**3/3 - 1444*y**2 - 3. Let w(t) = 0*t - 1 - t + 3*t. Let k be w(-1). Determine l(k).
5
Let m(i) = -7*i - 117. Let h(v) = 4*v**2 - 103*v + 633. Let z be h(11). Determine m(z).
-5
Let k(z) = -3*z**2 + 4. Let a = 10168 + -10170. What is k(a)?
-8
Let q be 4 - 4 - 0 - -4. Suppose -q*h = -3*d - 38, -h + 3*h = -3*d + 28. Let a(u) = -u**2 + 12*u - 9. Calculate a(h).
2
Let o(w) be the second derivative of -w**4/6 - w**3/6 + w**2/2 + 10*w. Let i = 3808 + -3810. What is o(i)?
-5
Let s(j) = -857 - 7*j + 1236 - 379. Suppose -4*v = -5*v - 68. Let g be v/(-18) - 8/(-36). What is s(g)?
-28
Let h(a) = -a + 11. Let p be (-1 - -7)/(6/(-4)). Determine h(p).
15
Let s(x) be the third derivative of -1/24*x**4 + 1 + 0*x - 5/6*x**3 - 11*x**2. Let t = 0 + -4. What is s(t)?
-1
Let w(n) = 3*n + 24. Let v be w(-7). Let j(h) be the first derivative of -3*h**2 + h + 4 + h - 6*h + 5*h. Give j(v).
-17
Let d(a) = -40 - 45*a - 87*a - 81 + 9*a - a. Give d(-1).
3
Let m(d) be the third derivative of -d**6/24 + d**5/12 - 3*d**4/8 + 5*d**3/6 + 94*d**2. Let l(x) = -x**3 - x + 1. Let t(g) = 4*l(g) - m(g). Calculate t(4).
3
Let b(s) = -52*s. Let k(y) = -381*y - 10. Let a(t) = 7*b(t) - k(t). Determine a(-7).
-109
Let s(k) be the second derivative of k**4/12 - k**3/3 - k. Suppose 1022 = 708*z - 715*z. Let o be z/(-50) - (-156)/1950. Calculate s(o).
3
Let b(v) = 458550*v - 19 - 15 - 458545*v. Calculate b(10).
16
Let y = 25 - 26. Let d(m) = -63*m - 61*m - 62*m + 188*m + 7*m**2 + 1. Determine d(y).
6
Let t(c) = -6*c**2 - 8 + c**3 + 10 - 6 + c. Let k be (-8)/((-80)/45)*40/30. Give t(k).
2
Let k(m) = -m**2 - 12*m + 1. Let t = 781 - 789. Let x be (15*42/120)/(3/t). Determine k(x).
-27
Let t(g) = -g**3 + 7*g**2 - 4. Let d = 23 + -21. Suppose m + 0*m = -5*o + 13, -d*m + 2 = 2*o. Suppose 3*v - 19 = -u, v + 5*u = -o*v + 18. Calculate t(v).
-4
Let k(v) = 21*v - 32. Let n be k(1). Let j(s) = -s - 3. Let g be j(n). Let q(o) = o**3 - 9*o**2 + 7*o + 2. What is q(g)?
-6
Let a = -37 - -43. Let d(g) be the first derivative of 2*g**2 - 25*g + 12. Calculate d(a).
-1
Let g(d) = d**2 + 14*d + 44. Let b = -2646 - -2636. Calculate g(b).
4
Let y be 8*((-3)/(-4))/(-1). Let n(g) be the second derivative of g**3/6 + 3*g**2/2 + 7*g + 657. What is n(y)?
-3
Let p(w) be the first derivative of -2 + w - 1/2*w**2. Give p(-1).
2
Let m(v) = 14*v + 1. Let h(t) = t + 1. Let f be 6/4 + 6/(-48)*4. Let d(j) = f*m(j) - 2*h(j). Calculate d(2).
23
Let j = -10802 - -10790. Let m(p) = 4*p + 58. What is m(j)?
10
Let z(r) = 2*r + 8. Suppose 14*p = c + 13*p + 205, 3*c + 609 = p. Let i = 196 + c. Calculate z(i).
-4
Let g(j) = 1029*j**3 - 1027*j**3 + 15 - 19*j**2 + 2*j - 3. Let o(x) = x**3 - 9*x**2 + x + 6. Let z(w) = 2*g(w) - 5*o(w). What is z(7)?
-13
Let v(l) = -l**3 